j + 8. What is the units digit of p?
3
Let w = 30 + 36. What is the tens digit of w?
6
Let s = -10 + 22. What is the units digit of s?
2
Let n(j) = -j. Let s be n(4). Let u(f) = f**3 + 6*f**2 + f - 1. What is the units digit of u(s)?
7
Let t(m) = m + 12. Suppose -c = 2*c. Suppose c*r - r - 6 = 0. What is the units digit of t(r)?
6
Let z = 1 + -1. Let s(p) = p**2 - 3*p + 4. Let h be s(3). Suppose z = 2*y - h. What is the units digit of y?
2
Let v(h) = -h**2 + 2*h - 4. Let a be v(3). Let t = a - -9. What is the units digit of t?
2
Suppose v - 10 = -0. Suppose -o = -v - 5. What is the units digit of o?
5
Let g be 48/8*6/4. What is the tens digit of g - 7 - (0 - 17)?
1
Let v = -54 + 367. What is the tens digit of v?
1
Let w = 90 - 51. What is the tens digit of w?
3
Let a = -17 + 60. What is the units digit of a?
3
Let l(r) be the second derivative of r**3/2 - 3*r**2 + 5*r. What is the tens digit of l(6)?
1
Suppose -10 = -c - 3. Suppose -9 = -c*g + 4*g. Suppose -3*f + 4*y - g*y = -61, -5*y + 75 = 4*f. What is the tens digit of f?
2
Let x = 64 + 26. What is the units digit of x?
0
Let u(k) = k**3 + 3*k**2 - 1. Let i be (-4)/6 + 46/6. Suppose -3*s = i - 1. What is the units digit of u(s)?
3
Let j(i) = i**3 + 9*i**2 + 9*i + 10. Let k = 9 + -17. Let m be j(k). What is the units digit of m/4 + (-6)/(-4)?
2
Let v(n) = 21*n**2 + 18*n + 2. What is the units digit of v(-3)?
7
Let y = -201 + 371. What is the units digit of y?
0
Suppose -132 = -2*p - 2*p. Suppose -3*w + 4*y + 12 = w, -p = -3*w - 5*y. What is the units digit of w?
6
What is the units digit of 42/30 + -1 + (-986)/(-10)?
9
Let l be (2 - 8)/(-3) + 1. Let v = l + -5. What is the units digit of 0 + (v - -9) - 2?
5
Let s(q) = -3*q - 5. Let f(i) = -4*i - 5. Let y(o) = 4*f(o) - 5*s(o). Let h be y(0). Suppose 0*t - 20 = -h*t. What is the units digit of t?
4
Let r = 215 + -33. What is the tens digit of r?
8
Let j be (15/12)/(1/4). Suppose -z - 5*w - 3 = 0, 6 = j*z + 3*w + w. Suppose 4*y = 3*n - 17, -n + 5*n - 36 = z*y. What is the tens digit of n?
1
Let x(h) = -h**3 + h**2 - h + 2. Let p be x(0). Suppose 3*f - w = 2*w + 51, -29 = -f - p*w. What is the tens digit of f?
2
Suppose -9*q + 3*q + 546 = 0. What is the tens digit of q?
9
Suppose 160 = -3*r + 4*r + j, 4*r = -3*j + 645. What is the units digit of r?
5
Let d = 18 + -13. What is the units digit of d?
5
Let a(n) = -4 - 1 + 0 - 3*n. What is the units digit of a(-5)?
0
Let q = 291 - 161. What is the tens digit of q?
3
Let p = -14 + 27. What is the tens digit of p?
1
Suppose m + 5*q = 6*m + 70, m - 4*q = -23. Let l = m - -23. What is the tens digit of l?
1
Let m = -18 - -180. What is the hundreds digit of m?
1
Suppose 4*x = -5*c - 18 + 122, -x + 20 = c. What is the units digit of c?
4
Let v be -4 + 2 + (4 - -2). Suppose -v*g = -g - 15. Suppose -76 = -g*s - 1. What is the units digit of s?
5
Suppose -22 = -t - t + 4*s, -t - 10 = 5*s. What is the units digit of t?
5
Suppose -2*b - 2*q + 74 = -4*q, -5*q + 5 = 0. Let k = b + -18. What is the tens digit of k?
2
Let k(f) = f**3 + 4*f**2 - 2*f + 4. Let h(i) = i + 9. Let x be h(-7). Let n be 120/(-32) - x/8. What is the tens digit of k(n)?
1
What is the units digit of (19 - -1)/(26/65)?
0
What is the tens digit of 201/2*(-4)/(-6)?
6
Let w(d) = -d**2 - 4*d - 3. Let x be w(-2). What is the units digit of (x - 39/(-9))*3?
6
Let u = 2 - 2. Suppose u = -2*p + p. Suppose p*x - 5*x + 53 = 2*y, 0 = -2*y + 3*x + 29. What is the tens digit of y?
1
Suppose p - 54 = 21. What is the units digit of p?
5
Let z be (-8)/(3*3/9). Let q(l) = -l + 2. Let t be q(z). Suppose w + s = -2*s + t, -20 = -2*w + s. What is the units digit of w?
0
Let x be 3 + 0 + -4*9. What is the tens digit of (-242)/(-6) - (-11)/x?
4
Suppose -2*k + k = -2. Suppose 0*y = k*y - 14. What is the units digit of y?
7
Suppose -2*q + 64 = 3*d - 0*q, -d - 2*q + 28 = 0. Let o(x) = 5*x + 4. Let u be o(5). Let a = u - d. What is the tens digit of a?
1
Suppose 4*u = 8*u - 8. Let a = u - -21. What is the tens digit of a?
2
Suppose -2*b = 3*g + 4, -3*g = 2*b - 2*g. Suppose v = -4*v - 5*h + 35, h = -b. What is the units digit of v?
8
Let b(r) be the first derivative of 2*r**2 - r - 1. What is the units digit of b(2)?
7
Suppose 2*o = -4*t + 94, 3*o + 2*t = -t + 132. What is the tens digit of o?
4
Let d(g) = 5*g**3 + 2*g**2 + 2*g + 1. Let z be d(-1). Let a = z + 3. What is the units digit of 1*(6 + a) + -2?
3
Let b(f) be the first derivative of f**4/4 - 7*f**3/3 + 2*f + 1. Let j be b(7). Suppose 5*g = -r - 6, 0 = -4*r - j*g - 3*g + 6. What is the units digit of r?
4
Let z be (2/3)/((-11)/(-165)). Let a(i) = -i**2 + 11*i - 1. What is the units digit of a(z)?
9
Suppose 0 = -5*o, -3*s + 639 + 123 = 3*o. What is the tens digit of s?
5
Let d be -1 - (-1 + (-4 - -1)). Suppose d*b + 3 = 6. What is the units digit of b?
1
Let f = 74 + -16. What is the units digit of f?
8
Let c = 180 - 36. What is the hundreds digit of c?
1
Let i be (2 + -1)*9/3. Let o = 34 - i. What is the tens digit of o?
3
What is the tens digit of 8/(-20) + 1596/15?
0
What is the tens digit of 1 + -1 + 9 + 3?
1
Let b be (-8)/(-12) + (-4)/6. Suppose d + b*d = w + 1, 3*w = -d + 5. Suppose 5*n = -4*s + 22, 3*n + d*s = -2*s + 10. What is the units digit of n?
6
Suppose 89 = 3*z - 61. What is the units digit of z?
0
Let x = -297 + 457. What is the tens digit of x?
6
Suppose p = 39 + 34. What is the units digit of p?
3
Suppose 0 = -15*j + 16*j - 80. What is the tens digit of j?
8
Let w(k) = -3*k + 2. Let i be w(2). What is the units digit of (-3)/i + (-1768)/(-32)?
6
Suppose 2*v + 4*l + 276 = 6*v, v + l - 65 = 0. What is the units digit of v?
7
What is the tens digit of 6/9*315/10?
2
Let i be (2/2)/(2/8). Suppose -2*b = -4*x - b - 10, -4*x + 4*b = i. Let s = -2 - x. What is the units digit of s?
1
Let f be 2/8 - (-4)/(-16). Let b = 2 - f. What is the units digit of ((-4)/(-6))/(b/3)?
1
Let k(l) = 9*l + 9. What is the tens digit of k(4)?
4
Suppose 0 = -3*y + 2*x - 3, 3*x = -4*y - 6 + 19. Let p(n) = 0*n - y - n - 3 - 3. What is the units digit of p(-10)?
3
Let l = -9 + 15. Let h(p) = p - 3. Let y be h(l). Suppose y*m + 5*z = 68 - 25, m + 9 = 3*z. What is the units digit of m?
6
Let d be (3 + (-5 - -3))*-3. What is the units digit of d*((-22)/6 - -3)?
2
Suppose 3*p - 16 = p. Let b = -6 + p. What is the units digit of b?
2
Suppose 21 + 4 = 5*h. Suppose -5*g - p + 37 = 3*p, p = -h*g + 28. What is the units digit of g?
5
Let h(r) = r**2 - r - 5. Suppose 5*x - 11 = 9. Let k be h(x). Suppose 5*c = 27 - k. What is the units digit of c?
4
Suppose -i - 3*z + 5 = 0, -3*i + 4*z - z - 9 = 0. Let h be (i/2)/(2/16). What is the units digit of (-110)/(-25) + h/10?
4
Let g be 3/(-6) + 10/(-4). What is the units digit of (-6 - g - -6) + 2?
5
Let u(h) = -h**3 - 12*h**2 - 2*h + 16. What is the tens digit of u(-13)?
1
Suppose 0 = -p + 7 + 6. What is the tens digit of p?
1
Let u(i) = -i**2 + 23*i + 26. What is the units digit of u(19)?
2
Let b(p) = p**3 + 5*p**2 - 6*p - 6. Let q be -5 + 3 + -2 + -1. Let z be b(q). Let n = z + -11. What is the units digit of n?
3
Suppose 2*c = 3*d - 12, -c + 2*c - 2*d + 5 = 0. Let n = 36 + c. What is the units digit of n?
7
Suppose -79 = -4*t + 9. Let v = t + -10. What is the tens digit of v?
1
Suppose 2*q = -3*o + 56, 0 = -o - 4*q - 0 + 2. Suppose o = -2*p + 94. Suppose -25 = -5*a, -4*j - 3*a = a - p. What is the units digit of j?
4
Suppose -5*m + 2*m = 174. Let n = -23 - m. What is the tens digit of n?
3
Suppose -p = 2, -3*p - 4 = -3*l - 10. What is the units digit of 1*10/l*-2?
5
Let m(b) = 2*b - 1. Let d be m(-1). Let n(w) = -w**3 - 2*w**2 - w. What is the tens digit of n(d)?
1
Let x = 28 + -44. Let n = 33 + x. What is the units digit of n?
7
Let b = 60 + 49. What is the tens digit of b?
0
Let b = -13 - -13. Let o = b + 5. What is the units digit of o?
5
Let u be (0 + 1)/((-3)/(-12)). Suppose 0 = -4*l - 3*x + 58, -2*x + 0 + u = 0. Suppose -42 - l = -5*v. What is the tens digit of v?
1
Let x = 264 - 135. What is the hundreds digit of x?
1
Let a = -17 - -32. Suppose -v + a = -3*x + 69, -3*x - v = -54. What is the units digit of x?
8
Let c(i) = 0 - 3*i**2 + 2*i**2 + 5*i - 7. Let j be c(5). Let d = -5 - j. What is the units digit of d?
2
What is the tens digit of (24/(-10))/((-30)/1125)?
9
Let v be 3